ose -b*j + j = 5*n - 1114, -3*j = 2*n - 443. Is n composite?
False
Let t = 9356 + -4743. Is t a composite number?
True
Let y(r) = r**3 - 2*r**2 + 4*r - 1. Let d be y(3). Let i = 20 - d. Is (10 - i)/((-8)/(-92)) a composite number?
True
Let p be 140/(-20)*(-2)/7. Suppose 0 = -5*m + p*n - 0 - 6, 4*n + 6 = m. Is 1724/8 - m/(-4) prime?
False
Suppose -29270 = 75*x - 85*x. Is x a composite number?
False
Suppose 5*h + 5466340 = 49*h. Is h composite?
True
Suppose 0 = 41*d - 50*d + 1230453. Is d a prime number?
False
Is 4/(-10) + 12894/(-30)*-13 a composite number?
True
Let m(u) = 328*u - 37. Is m(3) a prime number?
True
Let h = 109 + -105. Is 1150/(-15)*((-10)/h + 1) a prime number?
False
Let n(o) = -o**3 + o**2 + 2*o. Let y be n(-2). Let p(a) = -a**3 + 7*a**2 - 12*a + 10. Let r be p(y). Is (-7)/7*(r + 1) prime?
True
Is (270/(-20))/(-9)*16934/3 composite?
False
Suppose -29 = 5*i - 154. Suppose 1509 = -22*x + i*x. Is x prime?
True
Let y = -39 + 55. Let o be y/2*(-13 - -9). Is (87/4)/((-12)/o) a composite number?
True
Let o be 115 + 1 + 0/2*-1. Let z(j) = 392*j**2 + j - 1. Let c be z(2). Suppose o + c = 5*g. Is g a composite number?
False
Let k(b) = -2 + 28*b - 7*b + 0. Let g be k(4). Is g/((-8)/(-4))*11 composite?
True
Suppose 0 = 5*o - 2*i - 9795, 5*o - 4*i + i = 9790. Suppose 0 = q - 0*h + h - 489, -4*q - 3*h + o = 0. Suppose w - 459 = q. Is w a composite number?
False
Suppose -2*l - l = -6177. Is l a prime number?
False
Suppose -3*n + 10 = 2*n. Suppose -3*m + 0*l + 14 = 5*l, -3*l = 4*m - 15. Suppose -m*a = n*a - 290. Is a a composite number?
True
Suppose 47*s - 324238 = -58077. Is s a composite number?
True
Let n = 16 + -12. Let j be 23/n - (-33)/(-44). Suppose -254 = -j*i + 3*i. Is i composite?
False
Suppose 22 = -n + 3*n - 5*f, 2*f + 8 = 0. Let j(d) = 308*d - 3. Is j(n) composite?
True
Let r(h) = h + 8. Let y be r(-6). Let u(q) = 13*q + 2. Let o be u(y). Suppose o = -6*i + 10*i. Is i composite?
False
Suppose 0 = 4*b - 25 + 9, -3*b = 2*v - 20158. Is v prime?
False
Let h(y) = -y**2 + 10*y + 15. Let u(c) = -5*c**2 + 50*c + 75. Let o(n) = 11*h(n) - 2*u(n). Let t be o(11). Suppose 69 = t*s + 17. Is s a composite number?
False
Suppose 0 = -i + 4*i - 3303. Suppose 2*h + 323 - i = 0. Is h a prime number?
True
Suppose 6*n = 45601 - 14035. Is n a composite number?
False
Suppose -3*g - 2*g + 2*o + 5 = 0, -5*g + 4*o + 5 = 0. Is (-1 - g)/((-26696)/13346 + 2) a prime number?
True
Suppose -5*m + 86 = -74. Let d(b) = b**3 + 10*b**2 - 17*b - 8. Let q be d(-11). Let n = q - m. Is n prime?
False
Let g be ((-2)/6)/(4/(-48)). Suppose -64 = 2*u - g*u. Suppose 3*i - 2*o = 203, 5*o + 104 = i + u. Is i composite?
False
Let h(t) = -2*t**3 + 4*t**2 - 4*t - 8. Let l be h(5). Let p = l - -289. Is p prime?
False
Let j(x) = -x**2 - 17*x - 13. Let w be j(-14). Let u be (240/(-3))/((-2)/w). Let t = 1719 - u. Is t a composite number?
True
Let g(t) = 25*t**2 - 9*t - 5. Suppose -50 + 1 = -7*b. Is g(b) a composite number?
True
Let u(a) = -10*a**3 + 7*a**2 - 13*a + 9. Let b(r) = -5*r**3 + 3*r**2 - 6*r + 4. Let p(n) = 7*b(n) - 3*u(n). Is p(-2) a composite number?
False
Suppose 3*z - 15 = -0*z. Suppose -6 = -z*c + 9. Suppose -335 = -8*j + c*j. Is j a prime number?
True
Let k = -47 + 318. Let u = k + -12. Is u prime?
False
Let r(i) = 8*i**2 + 12*i + 5. Let o be r(13). Suppose l = -3*m + 1538, -3*m - 4*l - o = -6*m. Is m prime?
False
Let b(l) be the second derivative of l**4/12 - l**3/2 - 27*l**2/2 - 11*l. Is b(-11) a composite number?
False
Suppose -53 - 801 = -s + x, 2*s + 3*x - 1733 = 0. Is s prime?
True
Let f(l) = 11*l**3 - 2*l**2 + 5*l - 4. Let d be f(4). Suppose -o + 209 = -60. Let b = d - o. Is b a composite number?
False
Let i(k) = -26*k - 6. Let w be -11 - (0/(-2) - -3). Is i(w) a prime number?
False
Suppose 0 = 8*n + 2*n - 58790. Is n a prime number?
True
Suppose -5*v = 8*v - 258557. Is v composite?
False
Let f be (-118)/(7 - 2 - 3). Let u = 138 + f. Is u composite?
False
Let n = 5 + -5. Suppose n = -8*i + 3*i + 3300. Let c = -461 + i. Is c prime?
True
Let c = -95 + 98. Suppose 0 = -5*p - 25, 5*p - 3204 = -c*s + 2*p. Is s composite?
True
Suppose 4 = 4*o, 1155 = -2*j + 2*o - 403. Let b = j - -1171. Let v = -236 + b. Is v a prime number?
True
Let r(c) = -4*c. Suppose 3*i - 12 = 7*i. Let f be r(i). Let t = f + 14. Is t prime?
False
Let p = -37 + 42. Suppose 5*q + b + 85 - 361 = 0, 2*q + p*b - 92 = 0. Suppose -32 = -2*j - 2*j - 4*y, 4*j - 4*y - q = 0. Is j a composite number?
False
Let b(i) = 68*i + 35. Let g be b(6). Suppose m + 721 = 6*m - l, -3*m = 2*l - g. Is m a prime number?
False
Let w = -16 + 20. Suppose -2*s = -3*x - 403, 2*s - 409 = x - w*x. Is s prime?
False
Let o(m) = -m**3 + 5*m**2 + 7*m - 4. Let c(g) = g + 1. Let h be c(5). Let z be o(h). Suppose z*k - 160 = -a, -3*k - 277 - 36 = -2*a. Is a a prime number?
False
Is (5262376/60)/2 - (-2)/(-15) prime?
True
Let k(u) = u**3 - 7*u**2 + 4*u + 11. Suppose -5*v - 3*w + 5*w + 55 = 0, -w = -2*v + 23. Is k(v) composite?
True
Suppose 10*x - 6*x - 81100 = 0. Suppose 25*b - x = -0*b. Is b a composite number?
False
Let a(h) = -81*h + 13. Let t(r) = -243*r + 37. Let g(b) = 11*a(b) - 4*t(b). Is g(4) composite?
True
Is (-8)/28 + (2 - 34897/(-7)) a prime number?
True
Let u = 169 + -552. Suppose 3*r + 717 = -2*q - q, -2*r - 712 = 3*q. Let k = q - u. Is k a composite number?
False
Let m = -17 - -17. Suppose m = d - g - 518, 5*d = -g + 3017 - 433. Is d prime?
False
Suppose -3*z - 3*h = 3, -2*z - 3*h = -6*z - 25. Let v = 28 + -6. Is (z - -2) + 3 + v a composite number?
False
Suppose 0 = s - 0*s. Suppose 4*w = -s + 12. Suppose 373 = w*c + 5*d, 0*d = -3*c - 2*d + 367. Is c a prime number?
False
Let t(p) = -8*p**3 - 3*p**2 + 2*p + 7. Let r be t(-3). Suppose r = -6*v + 11*v. Is v a prime number?
False
Suppose 0 = 5*i - 0*i - 1665. Let q(l) = l**2 + 9*l - 6. Let p be q(-9). Let g = i - p. Is g composite?
True
Suppose -5*w + 6 = -19. Let o be 4/(-10) - 6/(-15). Suppose -4*n + 173 + 28 = w*r, o = n - 3*r - 46. Is n composite?
True
Let q(w) = 369*w - 26 + 15 - 43*w. Is q(3) a prime number?
True
Let k = 7411 + -2378. Is k prime?
False
Let n(v) = v**2 + 7*v. Let i(o) = 2*o**2 + 14*o - 1. Let p(h) = 3*i(h) - 5*n(h). Let m be p(-6). Is (33/4)/(m/(-24)) prime?
False
Suppose 26*u = 23*u + 15. Suppose 0 = -u*a - 3*g + 806, -5*a + a = -g - 655. Is a a prime number?
True
Suppose 2*m - 8 = -4*a, 4*a - 20 = -5*m + 3*a. Suppose 0 = -2*n - 2, -t - m*t + 234 = -4*n. Suppose t = v + 5*g, v + 4*g - 8 - 39 = 0. Is v a prime number?
False
Suppose -9984 = t + 3*t. Let w = -347 - t. Is w a prime number?
False
Let u be 8/6*1*6. Suppose -2*q = 2*k + 12, k - 4*q - u = 6. Is k + (0 - 1) - -502 a prime number?
True
Let d be (152/12)/((-2)/(-99)). Suppose -f - 2*m = -d, 0 = -m + 2 - 4. Is f a prime number?
True
Let n(r) = 14*r + 25. Let q(p) = 41 + 24 + 27*p - 16 + 0. Let i(v) = 5*n(v) - 3*q(v). Is i(-9) a composite number?
True
Let p(k) = 246*k**3 + k**2 + 2*k - 7. Is p(2) a composite number?
True
Suppose 0 - 12 = -4*g. Suppose -u + g*u + 2*v = 64, 2*u = 4*v + 94. Suppose i = 168 - u. Is i composite?
False
Let o be 3 + 2/6*3. Suppose 4*h + h - c = 3, -12 = 4*h + 4*c. Suppose -3 = 3*r + 9, h = 4*i - o*r - 540. Is i a prime number?
True
Let b(g) = 129*g**3 + g**2 + 2*g + 1. Let h be b(-1). Let w be (h/(-9))/((-2)/(-30)). Suppose -2*y + 71 = 4*c - w, 4*y + c - 593 = 0. Is y composite?
False
Let v be 12/60 - (-29)/5. Suppose 0*l + 3450 = v*l. Suppose -2*o = -4*w - 259 - 35, -5*w + l = 4*o. Is o composite?
True
Is (-17026*(-2)/10)/(8/20) composite?
False
Let a be 2/(-4)*0 + 1624. Suppose 3*h - 1541 = a. Suppose y = 6*y - h. Is y a prime number?
True
Let s(q) = -q**2 + 18*q - 29. Is s(12) a prime number?
True
Let l(w) = 19*w + 4. Suppose 2*s = -f - 8, 5*f - 5 - 5 = 0. Let y(a) = -10*a - 2. Let q(b) = s*y(b) - 3*l(b). Is q(-3) a composite number?
False
Let q(u) = u + 12. Let o be q(-10). Suppose 10 = 4*m + o. Is (11 - m)/3*23 composite?
True
Let y(h) = 1045*h**3 - 3*h**2 + h + 7. Is y(2) prime?
False
Is (-2)/((-200)/3382692) - 46/(-575) prime?
True
Let o be ((-10)/4)/(13/(-27638)). Suppose 2*z = 4*v - 4258, 11*v - 4*z = 6*v + o. Is v a prime number?
False
Let c(z) = z + 11. Let v be c(0). Let q = v - 9. Suppose 3*b - 4*a - 101 + 8 = 0, -5*b + 181 = q*a. Is b a composite numbe